1)/((-2)/2) + s?
2
Suppose 315*l - 10880 = 307*l. What is the hundreds digit of l?
3
Suppose y + 678 + 686 = 5*h, -4*h = -4*y - 1104. Suppose -m = r - 622, -5*m + h + 334 = r. What is the hundreds digit of r?
6
Suppose -g + 0 = 3, 0 = -f - g - 3. Suppose -4*w + 3520 = 5*j, f = 5*j + 3*w - 1635 - 1890. What is the units digit of j?
8
Let a(r) = r**3 + r**2 + r - 2. Let y = -15 + 15. Let w be a(y). What is the units digit of w*(4 - 3)*-23?
6
Let i = -103123 - -163598. What is the units digit of i?
5
Let y = 42081 + 7800. What is the ten thousands digit of y?
4
Suppose -4*y - 48 = -144. Let p(h) = h**3 - 22*h**2 - 31*h + 46. What is the tens digit of p(y)?
5
What is the thousands digit of ((-30)/5 + 5)*(-1 + 3) + 11760?
1
Suppose -64*l + 7*l - 17*l + 2346688 = 0. What is the hundreds digit of l?
7
Suppose -27*x - 3356 = -64295. What is the hundreds digit of x?
2
Let m(f) be the second derivative of -26*f**3/3 + 6*f**2 + 4*f - 26. What is the tens digit of m(-5)?
7
Let y = -17 + 14. Let q be 1509/(-15)*-2 - y/(-15). Suppose m + q = -h + 3*h, 4*m = 4*h - 412. What is the tens digit of h?
9
Suppose d = -5*n + 4313 + 6427, 2*n - 21424 = -2*d. What is the ten thousands digit of d?
1
Let j = 36499 + -23349. What is the units digit of j?
0
Suppose 31 + 27 = -2*w. Let c = -22 - w. Let m(f) = 9*f - 44. What is the units digit of m(c)?
9
Let i be (34 - 1)/(-8*5/(-9080)). Suppose 51*b - i = 25200. What is the hundreds digit of b?
6
Let f be 3108/814 + (-2)/(-11). Suppose -5*x + 4*i = -7934, 3*x + x + f*i = 6340. What is the units digit of x?
6
Suppose -18*o + 31 = -59. Let l(v) be the first derivative of 2*v**3/3 + 4*v**2 - 2*v + 2. What is the units digit of l(o)?
8
Suppose v + 3*p = 3, -v + 5*p + 0*p = -3. Suppose -4*m = v*l - 103, 4*l + m - 5*m - 100 = 0. What is the tens digit of l?
2
Let x be (-4 + (-402)/(-4))*(-2)/(-1). Let r = -183 + 267. Let p = x - r. What is the units digit of p?
9
Suppose 65517 = 4*d + 11*j - 22*j, 3*d - 49148 = -2*j. What is the tens digit of d?
8
Let n(s) = 16*s**3 + 7*s**2 + 22*s - 83. What is the tens digit of n(7)?
0
What is the units digit of -4*(-6329 + -8 + -7)?
6
Suppose -113*o + 49320 - 10250 + 496324 = 0. What is the hundreds digit of o?
7
Suppose -87 + 72 = 3*z. Let u be (-2)/z - ((-1730)/25)/2. Suppose 37*s - u*s = 218. What is the tens digit of s?
0
Suppose 0 = -4*a - 5*r - 490, -r - 3 = -5. Let j = a - -121. What is the tens digit of ((-5 - j) + -5)/(3/(-134))?
6
Suppose -9 = -5*m + z, -4*m + 2*m - 3*z = -7. What is the units digit of (477 - m) + 5/1 + -5?
5
Let x(t) = 2863*t - 7260. What is the hundreds digit of x(10)?
3
Let g be (-12036)/(-16) - 3/(-4). Suppose -164 = -3*s - 5*w + g, -2*s - w + 616 = 0. Suppose x - s = -2*x. What is the hundreds digit of x?
1
Let d be (12/10)/((-34)/(-85)). Suppose 2*g - p - 19 + 8 = 0, 19 = d*g - 4*p. Let t(y) = -y**3 + 6*y**2 + 18*y - 8. What is the tens digit of t(g)?
0
Let y be (-6)/72*-16 + 2/3. Suppose b - 3*b + c + 6 = 0, 3*b = -2*c + y. Suppose 2*n - 3*n - 1118 = -4*u, -b*n + 1404 = 5*u. What is the tens digit of u?
8
Let z = -676 - -129. Let v = 1083 + z. What is the units digit of v?
6
Suppose 2*q + 2*l = 6022, q - 2995 = 10*l - 7*l. Let f = -1940 + q. What is the hundreds digit of f?
0
Let l be (-693)/(-5) + 2/5. Suppose -3*n - 6*n + 35 = -325. Let v = l - n. What is the tens digit of v?
9
Let q = -101 - -107. Suppose q*t = 11*t + 75. What is the tens digit of (-2)/10 + (7479/t)/(-3)?
6
Let s(t) = 527*t**2 + 133*t + 6. What is the tens digit of s(-4)?
0
What is the ten thousands digit of -8*(4622085/104)/(-5)?
7
Let v be (-1 - (0 + -3)) + -2 - -29. Suppose 0 = v*w - 28*w + 14. Let h(t) = -t**3 - 15*t**2 - 20*t - 5. What is the units digit of h(w)?
9
Suppose -4*d = -6 - 14. Let b(z) = 27 - 67 + 19 + d*z. What is the tens digit of b(8)?
1
Suppose 5*f - 120 = 4*f. Suppose -2*m + 4*l - f = -410, -5*m - l + 747 = 0. What is the tens digit of m?
4
Suppose -78*j + 82*j - 4*z - 326468 = 0, -5*j + 3*z + 408067 = 0. What is the units digit of j?
8
What is the units digit of (408015/30*(0 - 2))/(-3)?
7
Suppose 13*s - s = 72384 + 135336. What is the units digit of s?
0
Let m(w) = -77*w + 523. What is the thousands digit of m(-33)?
3
Let j be (-6)/(-2) - 1552/(-3 + -5). Suppose j = p - t, -t = -4 + 2. What is the tens digit of p?
9
Let u(k) = k**3 + 12*k**2 + 9*k - 13. Let z(w) = w**2 - 10*w + 13. Suppose -12*j + 5 = -43. Let x be z(j). What is the units digit of u(x)?
9
What is the thousands digit of 26/(-377) - 40/7830 - 2606667/(-81)?
2
Suppose 3*d = -4*k - 7, -2*d - 2 = 2*k + 4. Let u(r) = -7*r - 5. Let y(j) = -6*j - 4. Let g(x) = 3*u(x) - 2*y(x). What is the tens digit of g(d)?
3
Let z(i) = -2*i**3 + 173*i + 19317. What is the units digit of z(0)?
7
Suppose 2*k + 6133 = 123105. What is the hundreds digit of k?
4
Suppose 2*v = 2*a + 22256, 5*v + 3*a - 21935 - 33745 = 0. What is the thousands digit of v?
1
Let g = -19 + 24. Suppose 3*s - 3 = p - 4, -p = g*s - 1. What is the tens digit of 149 - p - (-16 - -15)?
4
Let d(h) = h**3 + 23*h**2 + 13*h - 137. What is the tens digit of d(9)?
7
Let x = -4425 - -12333. What is the hundreds digit of x?
9
What is the units digit of ((-1668)/(-8))/((-21)/(-7224)*3)?
8
Suppose -2*n = -10, 65*v - 69*v = 4*n - 37360. What is the units digit of v?
5
Suppose -6*m - 2*h = -2*m + 8, -m = -5*h + 2. Let i be (2 + 2 + m)/2*4. Suppose -i*q + 3*q = -29. What is the tens digit of q?
2
Let v(g) = -g**2 + 671*g + 376. What is the hundreds digit of v(59)?
4
Suppose 10*t - 11*t - 1 = 0, 0 = 5*r + 4*t + 3659. Let a = r - -1360. What is the tens digit of a?
2
Suppose 0 = 4*o - 2*b - 1116, b + 3*b = -2*o + 538. Let r = o - 201. What is the units digit of r?
6
Let m(x) = -x**3 - 9*x**2 - 8*x + 2. Let t be m(-8). Suppose 5*f - t*f = 15. Suppose -3*b = -f*j - 576, -2*b + 2*j + 384 = -2*j. What is the units digit of b?
2
Let p(z) = -z**2 + 6*z - 1. Let t be p(5). What is the units digit of (90/t)/(36/240)?
0
Suppose 1250*d - 1225*d - 154750 = 0. What is the thousands digit of d?
6
Let m(u) = -u**3 - 53*u**2 - 160*u - 2244. What is the units digit of m(-67)?
2
Let q(k) = 905*k**2 + 695*k - 4908. What is the thousands digit of q(7)?
4
Let w(j) be the first derivative of -j**4/4 + j**3 + j**2 - 2*j - 25. Let g be w(3). Suppose g*a + 84 - 684 = 0. What is the units digit of a?
0
Suppose 3609 + 1737 = 33*u. Suppose -159*t + u*t - 5547 = 0. What is the tens digit of t?
4
Suppose -14*r - 4*f - 18718 = -19*r, 0 = r + 3*f - 3755. What is the units digit of r?
6
Suppose 0 = -86*a + 84*a - 256. Let n = a + 290. What is the hundreds digit of n?
1
Let t(u) = 326*u + 27. Let o(w) = -w**2 - 13*w - 28. Let s be o(-10). What is the hundreds digit of t(s)?
6
Let s(f) = 990*f**2 + 1239*f - 8622. What is the ten thousands digit of s(7)?
4
Let z(g) = 4*g**3 - 7*g**2 + 8*g - 3. Let n be z(3). Suppose -2*w - 2*w + 96 = 0. Let m = n - w. What is the units digit of m?
2
Suppose -4*y + 52765 = -q, -5*y + 65945 = -58*q + 59*q. What is the hundreds digit of y?
1
What is the thousands digit of ((-24)/18)/(20/(-206835))?
3
Let o = 43 + -37. Let d(z) = -76*z - 9. Let y be d(o). What is the units digit of (-12)/(-15)*y/(-6)?
2
Let t(d) = -3 + 2*d**2 + 4*d**2 - 39 + 39*d - 2*d**2. What is the units digit of t(-20)?
8
Suppose -2 = -l, 2*l + 51790 = 3*s - 14008. What is the ten thousands digit of s?
2
Let l(g) = -g + 9. Let d be l(6). Suppose -7*a + 210 = d*a. Let t = a - -49. What is the units digit of t?
0
Suppose 3*h = -4*b + 3724, 1073 + 1438 = 2*h - 3*b. What is the hundreds digit of h?
2
Let a(h) = h**3 - 16*h**2 + 13*h + 24. Let t be a(15). Let v be (-21)/(-14)*16/t. Let g(x) = -10*x + 22. What is the tens digit of g(v)?
6
Suppose 5*w - 8*w = -3*p + 3111, 8 = -2*w. Let t = p - 307. What is the hundreds digit of t?
7
Suppose 0 = -54*a + 166 + 50. Suppose -4*x - 2*y = -1686 - 4642, -a*y - 7923 = -5*x. What is the units digit of x?
3
Let x(v) = v**3 - 12*v**2 + 2*v - 2. Let w be (-15)/9*(-72)/10. What is the units digit of x(w)?
2
Let y(i) = 52*i - 20*i + 1 + 86*i - 16. What is the tens digit of y(2)?
2
Let f = -12089 - -76298. What is the thousands digit of f?
4
Let k be 8/2*(-405)/(-60). Let r be k/(-36) + 19/4. Suppose -1 = r*m - 17. What is the units digit of m?
4
Let u(l) = l**2 - 22*l